[INFO] cloning repository https://github.com/illegalprime/syshooks
[INFO] running `Command { std: "git" "-c" "credential.helper=" "-c" "credential.helper=/workspace/cargo-home/bin/git-credential-null" "clone" "--bare" "https://github.com/illegalprime/syshooks" "/workspace/cache/git-repos/https%3A%2F%2Fgithub.com%2Fillegalprime%2Fsyshooks", kill_on_drop: false }`
[INFO] [stderr] Cloning into bare repository '/workspace/cache/git-repos/https%3A%2F%2Fgithub.com%2Fillegalprime%2Fsyshooks'...
[INFO] running `Command { std: "git" "rev-parse" "HEAD", kill_on_drop: false }`
[INFO] [stdout] e9a12912028a664b93154e315d1d6866a849d26a
[INFO] building illegalprime/syshooks against master#ff34b919075f35a1787659e9c448a34b06bab8de for issue-85264
[INFO] running `Command { std: "git" "clone" "/workspace/cache/git-repos/https%3A%2F%2Fgithub.com%2Fillegalprime%2Fsyshooks" "/workspace/builds/worker-2/source", kill_on_drop: false }`
[INFO] [stderr] Cloning into '/workspace/builds/worker-2/source'...
[INFO] [stderr] done.
[INFO] validating manifest of git repo https://github.com/illegalprime/syshooks on toolchain ff34b919075f35a1787659e9c448a34b06bab8de
[INFO] running `Command { std: "/workspace/cargo-home/bin/cargo" "+ff34b919075f35a1787659e9c448a34b06bab8de" "metadata" "--manifest-path" "Cargo.toml" "--no-deps", kill_on_drop: false }`
[INFO] started tweaking git repo https://github.com/illegalprime/syshooks
[INFO] finished tweaking git repo https://github.com/illegalprime/syshooks
[INFO] tweaked toml for git repo https://github.com/illegalprime/syshooks written to /workspace/builds/worker-2/source/Cargo.toml
[INFO] crate git repo https://github.com/illegalprime/syshooks already has a lockfile, it will not be regenerated
[INFO] running `Command { std: "/workspace/cargo-home/bin/cargo" "+ff34b919075f35a1787659e9c448a34b06bab8de" "fetch" "--manifest-path" "Cargo.toml", kill_on_drop: false }`
[INFO] running `Command { std: "docker" "create" "-v" "/var/lib/crater-agent-workspace/builds/worker-2/target:/opt/rustwide/target:rw,Z" "-v" "/var/lib/crater-agent-workspace/builds/worker-2/source:/opt/rustwide/workdir:ro,Z" "-v" "/var/lib/crater-agent-workspace/cargo-home:/opt/rustwide/cargo-home:ro,Z" "-v" "/var/lib/crater-agent-workspace/rustup-home:/opt/rustwide/rustup-home:ro,Z" "-e" "SOURCE_DIR=/opt/rustwide/workdir" "-e" "CARGO_TARGET_DIR=/opt/rustwide/target" "-e" "CARGO_HOME=/opt/rustwide/cargo-home" "-e" "RUSTUP_HOME=/opt/rustwide/rustup-home" "-w" "/opt/rustwide/workdir" "-m" "1610612736" "--user" "0:0" "--network" "none" "ghcr.io/rust-lang/crates-build-env/linux@sha256:20528e8c29e4536546f0102ce88568b16ea7538393a33fcca951030f7af10457" "/opt/rustwide/cargo-home/bin/cargo" "+ff34b919075f35a1787659e9c448a34b06bab8de" "metadata" "--no-deps" "--format-version=1", kill_on_drop: false }`
[INFO] [stderr] WARNING: Your kernel does not support swap limit capabilities or the cgroup is not mounted. Memory limited without swap.
[INFO] [stdout] c4e059fb49d3887b561c196dda2e6e0982e790bc068966cda0d334e0eacbfae3
[INFO] running `Command { std: "docker" "start" "-a" "c4e059fb49d3887b561c196dda2e6e0982e790bc068966cda0d334e0eacbfae3", kill_on_drop: false }`
[INFO] running `Command { std: "docker" "inspect" "c4e059fb49d3887b561c196dda2e6e0982e790bc068966cda0d334e0eacbfae3", kill_on_drop: false }`
[INFO] running `Command { std: "docker" "rm" "-f" "c4e059fb49d3887b561c196dda2e6e0982e790bc068966cda0d334e0eacbfae3", kill_on_drop: false }`
[INFO] [stdout] c4e059fb49d3887b561c196dda2e6e0982e790bc068966cda0d334e0eacbfae3
[INFO] running `Command { std: "docker" "create" "-v" "/var/lib/crater-agent-workspace/builds/worker-2/target:/opt/rustwide/target:rw,Z" "-v" "/var/lib/crater-agent-workspace/builds/worker-2/source:/opt/rustwide/workdir:ro,Z" "-v" "/var/lib/crater-agent-workspace/cargo-home:/opt/rustwide/cargo-home:ro,Z" "-v" "/var/lib/crater-agent-workspace/rustup-home:/opt/rustwide/rustup-home:ro,Z" "-e" "SOURCE_DIR=/opt/rustwide/workdir" "-e" "CARGO_TARGET_DIR=/opt/rustwide/target" "-e" "CARGO_INCREMENTAL=0" "-e" "RUST_BACKTRACE=full" "-e" "RUSTFLAGS=--cap-lints=forbid" "-e" "CARGO_HOME=/opt/rustwide/cargo-home" "-e" "RUSTUP_HOME=/opt/rustwide/rustup-home" "-w" "/opt/rustwide/workdir" "-m" "1610612736" "--user" "0:0" "--network" "none" "ghcr.io/rust-lang/crates-build-env/linux@sha256:20528e8c29e4536546f0102ce88568b16ea7538393a33fcca951030f7af10457" "/opt/rustwide/cargo-home/bin/cargo" "+ff34b919075f35a1787659e9c448a34b06bab8de" "build" "--frozen" "--message-format=json", kill_on_drop: false }`
[INFO] [stdout] 3fc53b97b430313e4d534aa459cb724763e06b63a3343bc4e3355963f69817ce
[INFO] [stderr] WARNING: Your kernel does not support swap limit capabilities or the cgroup is not mounted. Memory limited without swap.
[INFO] running `Command { std: "docker" "start" "-a" "3fc53b97b430313e4d534aa459cb724763e06b63a3343bc4e3355963f69817ce", kill_on_drop: false }`
[INFO] [stderr]    Compiling libc v0.2.7
[INFO] [stderr]    Compiling pkg-config v0.3.7
[INFO] [stderr]    Compiling gcc v0.3.50
[INFO] [stderr]    Compiling rustc-demangle v0.1.4
[INFO] [stderr]    Compiling ears v0.4.0
[INFO] [stderr]    Compiling xcb v0.7.3
[INFO] [stderr]    Compiling dbus v0.4.1
[INFO] [stderr]    Compiling dbus v0.3.2
[INFO] [stderr]    Compiling alsa-sys v0.0.8
[INFO] [stderr]    Compiling backtrace-sys v0.1.11
[INFO] [stderr] error: failed to run custom build command for `xcb v0.7.3`
[INFO] [stderr] 
[INFO] [stderr] Caused by:
[INFO] [stderr]   process didn't exit successfully: `/opt/rustwide/target/debug/build/xcb-e1a7a29fcfa6095c/build-script-build` (exit status: 101)
[INFO] [stderr]   --- stderr
[INFO] [stderr]   error occured in handler:  ('event:   ', ('xcb', 'Sync', 'AlarmNotify'))
[INFO] [stderr]   Traceback (most recent call last):
[INFO] [stderr]     File "/opt/rustwide/cargo-home/registry/src/github.com-1ecc6299db9ec823/xcb-0.7.3/rs_client.py", line 2310, in <module>
[INFO] [stderr]       module.generate()
[INFO] [stderr]     File "/opt/rustwide/cargo-home/registry/src/github.com-1ecc6299db9ec823/xcb-0.7.3/xcbgen/state.py", line 108, in generate
[INFO] [stderr]       self.close()
[INFO] [stderr]     File "/opt/rustwide/cargo-home/registry/src/github.com-1ecc6299db9ec823/xcb-0.7.3/rs_client.py", line 291, in rs_close
[INFO] [stderr]       _f.writeout(os.path.join(module.rs_srcdir, "ffi", "%s.rs" % _module_name(_ns.ext_name)))
[INFO] [stderr]     File "/opt/rustwide/cargo-home/registry/src/github.com-1ecc6299db9ec823/xcb-0.7.3/rs_client.py", line 115, in writeout
[INFO] [stderr]       with open(path, 'w') as f:
[INFO] [stderr]   OSError: [Errno 30] Read-only file system: '/opt/rustwide/cargo-home/registry/src/github.com-1ecc6299db9ec823/xcb-0.7.3/src/ffi/sync.rs'
[INFO] [stderr]   thread 'main' panicked at 'processing of /opt/rustwide/cargo-home/registry/src/github.com-1ecc6299db9ec823/xcb-0.7.3/xml/sync.xml returned non-zero (1)', /opt/rustwide/cargo-home/registry/src/github.com-1ecc6299db9ec823/xcb-0.7.3/build.rs:77:17
[INFO] [stderr]   stack backtrace:
[INFO] [stderr]      0:     0x564c637ff650 - std::backtrace_rs::backtrace::libunwind::trace::hdcf4f90f85129e83
[INFO] [stderr]                                  at /rustc/ff34b919075f35a1787659e9c448a34b06bab8de/library/std/src/../../backtrace/src/backtrace/libunwind.rs:90:5
[INFO] [stderr]      1:     0x564c637ff650 - std::backtrace_rs::backtrace::trace_unsynchronized::h2669e30cb82f6732
[INFO] [stderr]                                  at /rustc/ff34b919075f35a1787659e9c448a34b06bab8de/library/std/src/../../backtrace/src/backtrace/mod.rs:66:5
[INFO] [stderr]      2:     0x564c637ff650 - std::sys_common::backtrace::_print_fmt::hfbda19e17f6db318
[INFO] [stderr]                                  at /rustc/ff34b919075f35a1787659e9c448a34b06bab8de/library/std/src/sys_common/backtrace.rs:67:5
[INFO] [stderr]      3:     0x564c637ff650 - <std::sys_common::backtrace::_print::DisplayBacktrace as core::fmt::Display>::fmt::h1a8751bf59281272
[INFO] [stderr]                                  at /rustc/ff34b919075f35a1787659e9c448a34b06bab8de/library/std/src/sys_common/backtrace.rs:46:22
[INFO] [stderr]      4:     0x564c6381d14f - core::fmt::write::h7aa6cd0067dca82a
[INFO] [stderr]                                  at /rustc/ff34b919075f35a1787659e9c448a34b06bab8de/library/core/src/fmt/mod.rs:1094:17
[INFO] [stderr]      5:     0x564c637fd295 - std::io::Write::write_fmt::hd7dd3a1df9b6befb
[INFO] [stderr]                                  at /rustc/ff34b919075f35a1787659e9c448a34b06bab8de/library/std/src/io/mod.rs:1584:15
[INFO] [stderr]      6:     0x564c638012fb - std::sys_common::backtrace::_print::h551e9ec8a9fa8106
[INFO] [stderr]                                  at /rustc/ff34b919075f35a1787659e9c448a34b06bab8de/library/std/src/sys_common/backtrace.rs:49:5
[INFO] [stderr]      7:     0x564c638012fb - std::sys_common::backtrace::print::ha4b1c5e95fa040b3
[INFO] [stderr]                                  at /rustc/ff34b919075f35a1787659e9c448a34b06bab8de/library/std/src/sys_common/backtrace.rs:36:9
[INFO] [stderr]      8:     0x564c638012fb - std::panicking::default_hook::{{closure}}::h0b34c9ab7fb9f857
[INFO] [stderr]                                  at /rustc/ff34b919075f35a1787659e9c448a34b06bab8de/library/std/src/panicking.rs:208:50
[INFO] [stderr]      9:     0x564c63800ddd - std::panicking::default_hook::h3067e8318decd17a
[INFO] [stderr]                                  at /rustc/ff34b919075f35a1787659e9c448a34b06bab8de/library/std/src/panicking.rs:225:9
[INFO] [stderr]     10:     0x564c638018ad - std::panicking::rust_panic_with_hook::h81b8facc50f34daa
[INFO] [stderr]                                  at /rustc/ff34b919075f35a1787659e9c448a34b06bab8de/library/std/src/panicking.rs:591:17
[INFO] [stderr]     11:     0x564c638014a7 - std::panicking::begin_panic_handler::{{closure}}::ha376ab85d95a000e
[INFO] [stderr]                                  at /rustc/ff34b919075f35a1787659e9c448a34b06bab8de/library/std/src/panicking.rs:497:13
[INFO] [stderr]     12:     0x564c637ffb0c - std::sys_common::backtrace::__rust_end_short_backtrace::h6795c8afdd1a77e6
[INFO] [stderr]                                  at /rustc/ff34b919075f35a1787659e9c448a34b06bab8de/library/std/src/sys_common/backtrace.rs:141:18
[INFO] [stderr]     13:     0x564c63801409 - rust_begin_unwind
[INFO] [stderr]                                  at /rustc/ff34b919075f35a1787659e9c448a34b06bab8de/library/std/src/panicking.rs:493:5
[INFO] [stderr]     14:     0x564c637e2b7b - std::panicking::begin_panic_fmt::hf43a0025042538e2
[INFO] [stderr]                                  at /rustc/ff34b919075f35a1787659e9c448a34b06bab8de/library/std/src/panicking.rs:435:5
[INFO] [stderr]     15:     0x564c637e98fd - build_script_build::main::{{closure}}::h97ab738078166c58
[INFO] [stderr]                                  at /opt/rustwide/cargo-home/registry/src/github.com-1ecc6299db9ec823/xcb-0.7.3/build.rs:77:17
[INFO] [stderr]     16:     0x564c637e8415 - build_script_build::visit_xml::hd0a1ce557a5d6bf5
[INFO] [stderr]                                  at /opt/rustwide/cargo-home/registry/src/github.com-1ecc6299db9ec823/xcb-0.7.3/build.rs:22:44
[INFO] [stderr]     17:     0x564c637e8bf3 - build_script_build::main::h46e92c3188b15b46
[INFO] [stderr]                                  at /opt/rustwide/cargo-home/registry/src/github.com-1ecc6299db9ec823/xcb-0.7.3/build.rs:60:5
[INFO] [stderr]     18:     0x564c637e5e6b - core::ops::function::FnOnce::call_once::h66b12037770c117c
[INFO] [stderr]                                  at /rustc/ff34b919075f35a1787659e9c448a34b06bab8de/library/core/src/ops/function.rs:227:5
[INFO] [stderr]     19:     0x564c637e6cee - std::sys_common::backtrace::__rust_begin_short_backtrace::hb04cd2293a7aea9c
[INFO] [stderr]                                  at /rustc/ff34b919075f35a1787659e9c448a34b06bab8de/library/std/src/sys_common/backtrace.rs:125:18
[INFO] [stderr]     20:     0x564c637eb6a1 - std::rt::lang_start::{{closure}}::h30353a486496ecd0
[INFO] [stderr]                                  at /rustc/ff34b919075f35a1787659e9c448a34b06bab8de/library/std/src/rt.rs:49:18
[INFO] [stderr]     21:     0x564c63801caa - core::ops::function::impls::<impl core::ops::function::FnOnce<A> for &F>::call_once::h3b8c329143d7638a
[INFO] [stderr]                                  at /rustc/ff34b919075f35a1787659e9c448a34b06bab8de/library/core/src/ops/function.rs:259:13
[INFO] [stderr]     22:     0x564c63801caa - std::panicking::try::do_call::h4b72c261b4eefc1b
[INFO] [stderr]                                  at /rustc/ff34b919075f35a1787659e9c448a34b06bab8de/library/std/src/panicking.rs:379:40
[INFO] [stderr]     23:     0x564c63801caa - std::panicking::try::h703d31b7896cbd49
[INFO] [stderr]                                  at /rustc/ff34b919075f35a1787659e9c448a34b06bab8de/library/std/src/panicking.rs:343:19
[INFO] [stderr]     24:     0x564c63801caa - std::panic::catch_unwind::h37cad9b35388a915
[INFO] [stderr]                                  at /rustc/ff34b919075f35a1787659e9c448a34b06bab8de/library/std/src/panic.rs:431:14
[INFO] [stderr]     25:     0x564c63801caa - std::rt::lang_start_internal::hab5a8a909af4f90e
[INFO] [stderr]                                  at /rustc/ff34b919075f35a1787659e9c448a34b06bab8de/library/std/src/rt.rs:34:21
[INFO] [stderr]     26:     0x564c637eb680 - std::rt::lang_start::h9a2efe282a62ec2f
[INFO] [stderr]                                  at /rustc/ff34b919075f35a1787659e9c448a34b06bab8de/library/std/src/rt.rs:48:5
[INFO] [stderr]     27:     0x564c637e9a2c - main
[INFO] [stderr]     28:     0x7efcf20aa0b3 - __libc_start_main
[INFO] [stderr]     29:     0x564c637e38ae - _start
[INFO] [stderr]     30:                0x0 - <unknown>
[INFO] [stderr] warning: build failed, waiting for other jobs to finish...
[INFO] [stdout] error: linking with `cc` failed: exit status: 1
[INFO] [stdout]   |
[INFO] [stdout]   = note: "cc" "-m64" "-Wl,--eh-frame-hdr" "-Wl,-znoexecstack" "-Wl,--as-needed" "-L" "/opt/rustwide/rustup-home/toolchains/ff34b919075f35a1787659e9c448a34b06bab8de/lib/rustlib/x86_64-unknown-linux-gnu/lib" "/opt/rustwide/target/debug/deps/ears-00372dac75d79543.ears.uxxge7w6-cgu.0.rcgu.o" "/opt/rustwide/target/debug/deps/ears-00372dac75d79543.ears.uxxge7w6-cgu.1.rcgu.o" "/opt/rustwide/target/debug/deps/ears-00372dac75d79543.ears.uxxge7w6-cgu.10.rcgu.o" "/opt/rustwide/target/debug/deps/ears-00372dac75d79543.ears.uxxge7w6-cgu.11.rcgu.o" "/opt/rustwide/target/debug/deps/ears-00372dac75d79543.ears.uxxge7w6-cgu.12.rcgu.o" "/opt/rustwide/target/debug/deps/ears-00372dac75d79543.ears.uxxge7w6-cgu.13.rcgu.o" "/opt/rustwide/target/debug/deps/ears-00372dac75d79543.ears.uxxge7w6-cgu.14.rcgu.o" "/opt/rustwide/target/debug/deps/ears-00372dac75d79543.ears.uxxge7w6-cgu.15.rcgu.o" "/opt/rustwide/target/debug/deps/ears-00372dac75d79543.ears.uxxge7w6-cgu.2.rcgu.o" "/opt/rustwide/target/debug/deps/ears-00372dac75d79543.ears.uxxge7w6-cgu.3.rcgu.o" "/opt/rustwide/target/debug/deps/ears-00372dac75d79543.ears.uxxge7w6-cgu.4.rcgu.o" "/opt/rustwide/target/debug/deps/ears-00372dac75d79543.ears.uxxge7w6-cgu.5.rcgu.o" "/opt/rustwide/target/debug/deps/ears-00372dac75d79543.ears.uxxge7w6-cgu.6.rcgu.o" "/opt/rustwide/target/debug/deps/ears-00372dac75d79543.ears.uxxge7w6-cgu.7.rcgu.o" "/opt/rustwide/target/debug/deps/ears-00372dac75d79543.ears.uxxge7w6-cgu.8.rcgu.o" "/opt/rustwide/target/debug/deps/ears-00372dac75d79543.ears.uxxge7w6-cgu.9.rcgu.o" "-o" "/opt/rustwide/target/debug/deps/libears-00372dac75d79543.so" "-Wl,--version-script=/tmp/rustcL0vOi1/list" "/opt/rustwide/target/debug/deps/ears-00372dac75d79543.4z1z3ski7ajlm9pc.rcgu.o" "-shared" "-Wl,-zrelro" "-Wl,-znow" "-nodefaultlibs" "-L" "/opt/rustwide/target/debug/deps" "-L" "/usr/local/opt/openal-soft/lib" "-L" "/usr/local/lib" "-L" "/opt/rustwide/rustup-home/toolchains/ff34b919075f35a1787659e9c448a34b06bab8de/lib/rustlib/x86_64-unknown-linux-gnu/lib" "-lopenal" "-lsndfile" "-Wl,-Bstatic" "-Wl,--whole-archive" "/tmp/rustcL0vOi1/liblazy_static-c13c3c1ddf8bbbb9.rlib" "-Wl,--no-whole-archive" "-Wl,--whole-archive" "/tmp/rustcL0vOi1/liblibc-eb65a3f88bb8c51d.rlib" "-Wl,--no-whole-archive" "-Wl,--start-group" "-L" "/opt/rustwide/rustup-home/toolchains/ff34b919075f35a1787659e9c448a34b06bab8de/lib/rustlib/x86_64-unknown-linux-gnu/lib" "-Wl,-Bdynamic" "-lstd-c6dddd3d354e6bea" "-Wl,--end-group" "-Wl,-Bstatic" "/tmp/rustcL0vOi1/libcompiler_builtins-8b33f9cbbc9652fe.rlib" "-Wl,-Bdynamic" "-lgcc_s" "-lutil" "-lrt" "-lpthread" "-lm" "-ldl" "-lc"
[INFO] [stdout]   = note: /usr/bin/ld: cannot find -lsndfile
[INFO] [stdout]           collect2: error: ld returned 1 exit status
[INFO] [stdout]           
[INFO] [stdout] 
[INFO] [stdout] 
[INFO] [stdout] error: aborting due to previous error
[INFO] [stdout] 
[INFO] [stdout] 
[INFO] [stderr] error: build failed
[INFO] running `Command { std: "docker" "inspect" "3fc53b97b430313e4d534aa459cb724763e06b63a3343bc4e3355963f69817ce", kill_on_drop: false }`
[INFO] running `Command { std: "docker" "rm" "-f" "3fc53b97b430313e4d534aa459cb724763e06b63a3343bc4e3355963f69817ce", kill_on_drop: false }`
[INFO] [stdout] 3fc53b97b430313e4d534aa459cb724763e06b63a3343bc4e3355963f69817ce
